25)/2*(-96)/20. What is the greatest common factor of u and x?
12
Let w(v) be the second derivative of v**4/3 + 5*v**3/6 + 21*v**2/2 - 22*v + 1. Let o be w(-5). What is the greatest common factor of 128 and o?
32
Let k = 493 - 489. Let w be 1 + 1 + k - -90. What is the highest common factor of w and 12?
12
Let o = 3112 + -2752. What is the highest common divisor of 120 and o?
120
Let m(w) = 3*w**3 + 2*w**2 + 2 - w - 4*w**2 + 3*w**2 - 5*w**3. Suppose -19*c + 22*c + 6 = 0. Let i be m(c). Calculate the highest common divisor of 8 and i.
8
Let d(w) = 4*w**2 + 165*w - 334. Let j be d(-44). Calculate the highest common divisor of j and 200.
50
Let y(r) = -10*r + 67. Let t be y(7). Let c be 17708/1596 - (-4)/126*t. Let d be 108 - (4 - 0)/(-2). Calculate the greatest common divisor of c and d.
11
Suppose 9*v + 17*v - 622 = 470. What is the greatest common divisor of 2030 and v?
14
Let j = -2267 + 2516. What is the greatest common factor of 166 and j?
83
Let b(a) = 112*a**2 - 39*a - 115*a**2 + 33 + a. Let f be b(-13). Calculate the greatest common factor of f and 12.
4
Let h = 605 + -882. Let s(k) = k**3 + 12*k**2 - 14*k + 6. Let t be s(-15). Let g = h - t. What is the greatest common factor of 14 and g?
14
Suppose -2*u - r - r = -18, 11 = 4*u - r. Suppose -u*o = -z + 5, 0*z + z = 5*o. Suppose -2*d + 7*d - z = 0. Calculate the greatest common factor of 50 and d.
5
Let z(q) = -38*q**2 + 986*q - 26. Let f be z(11). What is the highest common divisor of 68 and f?
34
Suppose 0 = -p + 14*p - 5226. Let c be (-12)/90*-498 + (-9)/(-15). What is the highest common divisor of p and c?
67
Let x(l) = 6*l - 32. Let y be x(14). Suppose 53*m - y*m = 15. Calculate the highest common factor of m and 27.
3
Let i(s) = -s**3 - 26*s**2 - 133*s + 8. Let q be i(-19). Let r be 6*3/((-9)/(-5)). What is the highest common factor of q and r?
2
Suppose -2*y = -4*x + 126, 42 = 147*x - 146*x - 4*y. Calculate the greatest common factor of 202 and x.
2
Suppose 15*f - 12 = 16*f. Let d be (10/3)/(13/351). Let z be 6/(-9)*d/f. Calculate the highest common factor of 15 and z.
5
Let x(f) = 120*f - 1932. Let b be x(21). Calculate the highest common factor of b and 4557.
147
Suppose -4*c = -3*g - 3356 - 5025, -5*c - g + 10519 = 0. What is the greatest common factor of c and 4?
2
Suppose -968 = -13*q + 1723. Calculate the highest common factor of 230 and q.
23
Let r(x) be the first derivative of -x**2/2 - 19*x - 10. Let b be r(-24). Let j be b - (8/(-2) + 6). What is the greatest common factor of 3 and j?
3
Suppose f - b = 433, 5*b - 894 = -2*f - 0*b. What is the greatest common factor of 253 and f?
23
Let q be -13 - ((-8)/(-4) + -3). Let u be -28*((-21)/q + -2). Let w be (70/(-30))/(2/(-12)). Calculate the highest common factor of w and u.
7
Suppose 3*j = 2*o - 1984, 4*o + 347*j - 3974 = 352*j. Calculate the greatest common factor of o and 286.
143
Let t(o) = -o**2 - 7*o + 7. Let w be t(-6). Suppose 177*j + g - 69 = 172*j, -4*j - 2*g + 60 = 0. What is the greatest common divisor of j and w?
13
Suppose -13*p + 166 - 36 = 0. Let c(m) = 7*m - 63. Let u be c(p). What is the greatest common divisor of 175 and u?
7
Let l(a) = 4*a**2 - 531*a - 580. Let v be l(137). Calculate the highest common factor of v and 3180.
159
Suppose 320 = -2*d - 5*q, d = -3*d + 5*q - 580. Let v = 173 + d. Calculate the highest common factor of v and 207.
23
Let q = -151 + 220. Suppose 4*s - 39 = q. What is the highest common factor of 108 and s?
27
Suppose 4*j = -4*k + 30 + 54, 0 = 2*k + 4*j - 34. What is the greatest common factor of 170 and k?
5
Suppose -79*n = -85*n + 228. Let a be -31 + n + (-2)/1 + 3. Calculate the greatest common divisor of 232 and a.
8
Let b(x) = -177*x - 1108. Let t(n) = 35*n + 221. Let f(a) = -2*b(a) - 11*t(a). Let j be f(-24). Calculate the highest common divisor of 23 and j.
23
Suppose 2*p - 2*x = 8, 4*p + 4 = 3*x - 4*x. Let u be -4 - p - (-164)/((-2)/(-2)). What is the highest common divisor of 20 and u?
20
Suppose 3*y = -19*y + 323268. Calculate the greatest common factor of y and 186.
186
Suppose -3*k + 1299 = -3*l, -6*l = -11*k + 12*k - 405. Calculate the greatest common factor of k and 715.
143
Let s be 24/18 - 4/(-6). Suppose -z + s*y = 3 + 9, -y - 15 = 3*z. Let f be (2 + 5)*3/(z/(-4)). Calculate the greatest common factor of 7 and f.
7
Suppose 3*r = -35*v + 129677, -4*r + 117051 = 4*v - 55681. What is the highest common divisor of r and 111?
111
Let c be (9464/(-8320) - 2/32) + 260/50. Let x be ((-9)/6)/((-3)/(-8)). Let j be ((-5)/x)/(1/8). What is the greatest common factor of j and c?
2
Let l(s) = 2*s**3 - 2*s**2 - 6*s + 12. Let u be l(7). Calculate the greatest common factor of u and 54.
18
Let p be 2/2*(10 - 5). Suppose 12 = -p*m + 8*m. Suppose -x = m*v + 4*x - 102, 3*v - 3*x = 90. Calculate the greatest common factor of 7 and v.
7
Suppose 0 = -7*c - 16 - 5. Let i be c - -6 - (-3 + 2)*2. Suppose i*p - 36 = -4*h - 6, p = -2*h + 12. What is the greatest common factor of 20 and h?
5
Let h be 20/(-6)*24/20. Let c be 70 - (0 + 2 + h). Suppose -177 + 41 = -17*w. Calculate the greatest common factor of c and w.
8
Let k be 22/77 + 6/(-21)*-118. Calculate the highest common factor of k and 16.
2
Let n = -5583 + 5581. Let j(t) = t**2 + 6*t + 2. Let m be j(-5). Let i be m - (n - -2) - -14. Calculate the highest common factor of 33 and i.
11
Suppose 0 = 155*v - 143*v - 468. Calculate the greatest common divisor of v and 3068.
13
Suppose -21*u + 0 = -84. Suppose -69 - 19 = u*t. Let q be (360/t)/(-2) + 4/(-22). What is the highest common divisor of 32 and q?
8
Let w = 13194 + -10414. Calculate the highest common factor of w and 15.
5
Suppose 2*o + 3*n = 10, 0 = -2*o + 5*n - 6*n + 14. Suppose -5*a = -o*a + 12. Let m be -5 + a - (-2 + -109). Calculate the highest common divisor of 10 and m.
10
Suppose 0 = -110*f + 115*f - 1260. Let z = f - 239. Let w = -5 + 18. Calculate the highest common divisor of w and z.
13
Suppose -266 - 94 = -10*y. Suppose 5*c - 18 = -2*j, 5 = 2*j - 3. Suppose 0 = o - i - 9 - 1, -4 = -c*i. Calculate the greatest common factor of y and o.
12
Let c be 144*(-57)/3*-1. Calculate the highest common divisor of 360 and c.
72
Suppose -3*g + 29 - 8 = -3*j, -23 = 5*j + g. Let l = -52 + 54. Let w = l - j. Calculate the greatest common divisor of w and 7.
7
Let i be -1 - -2 - (1 + (-8 - -6)). Let o = i + -1. What is the highest common divisor of o and 29?
1
Let v(c) = c**3 + 2*c**2 - 4*c + 1. Let k be v(-3). Suppose 5*y + 1462 = k*g, 9*y = g + 5*y - 371. What is the highest common divisor of 33 and g?
33
Let o(j) = 266*j**2 - 6*j - 9. Let i be o(-2). What is the highest common divisor of 388 and i?
97
Suppose -4*h = r - 3020, -4*r - 3*h + 6537 = -5478. What is the highest common factor of r and 15?
15
Let l be ((-90)/(-105))/((-1)/(-49)). Let p be (-3)/2*l/((-21)/7). Suppose -3*f = 4*m - 30, p = 4*m + f - 13. What is the highest common factor of m and 99?
9
Let x(o) be the second derivative of o**5/20 + 13*o**4/12 - 13*o**3/6 + 14*o**2 + 82*o. Let r be x(-14). Calculate the highest common divisor of r and 350.
14
Let s = -40 - -60. Let c(n) = -55*n + 780. Let l be c(-8). Calculate the highest common divisor of s and l.
20
Let p(u) = -3*u**2 + 18*u + 12. Let b be p(8). Let j be ((-1)/1 + b)*-1. Let i = j - 28. What is the greatest common factor of 6 and i?
3
Let n be -3*(-11)/132*548 - -10. What is the greatest common divisor of 903 and n?
21
Let t(r) = 23*r**2 + r. Let f be t(-3). Suppose 2*i - 538 + 267 = -199. What is the highest common factor of f and i?
12
Suppose 1789 = 5*s + 175*b - 179*b, 3*s - 1070 = -b. What is the greatest common factor of 1479 and s?
51
Let s(u) = 13*u**2 - 92*u - 356. Let a be s(-4). Calculate the highest common factor of 352 and a.
44
Suppose -2*h = -3*h + 2. Suppose -h*r - 570 + 18 = 0. Let z = r + 432. What is the highest common factor of 39 and z?
39
Let r(i) = -14*i - 279. Suppose -9*o = -5*o, 3*s - 4*o + 60 = 0. Let x be r(s). Calculate the greatest common factor of 23 and x.
1
Suppose -16011 = -4*m + 5*h, -30*m - h = -28*m - 7995. What is the greatest common factor of 279 and m?
93
Let o = 5354 + -5341. Calculate the highest common divisor of 135 and o.
1
Suppose 0 = -3*m - 2*m + 295. Suppose -3*c = g - 1, 4*g - c - 146 + 129 = 0. Let l = m + g.